124 = -3*f. Let s = f - -168. What is the hundreds digit of s?
1
Let l = -357 + 567. Suppose 0*w = -2*w - l. What is the units digit of (0 - 1)*w/15?
7
Let o(n) be the first derivative of -2 + n + n**2 + 2/3*n**3. What is the units digit of o(-5)?
1
Let l(d) = d**3 + 10*d**2 - 12*d - 7. Suppose 2*t + 4 = -14. Let z = -2 + t. What is the units digit of l(z)?
4
What is the units digit of 1/(-3) + (-18304)/(-39)?
9
Let c be 498/(-54) + (-2)/(-9). Let m(u) = -u**3 - 9*u**2 + 4*u - 4. Let g be m(c). Let b = g + 65. What is the tens digit of b?
2
What is the hundreds digit of ((-16)/(-20))/((-1)/((-1245)/2))?
4
Let k(c) be the third derivative of -c**6/120 - c**5/20 + c**4/6 + 5*c**3/6 - 13*c**2. What is the units digit of k(-7)?
3
Let t(v) = 3*v**3 + 7*v**2 + 8*v + 1. Let o be t(-5). Let h = 357 + o. What is the units digit of h?
8
Suppose 0 = 3*a - 411 - 174. What is the hundreds digit of a?
1
Let u(v) = 7*v**2 - 7*v - 20. What is the units digit of u(-9)?
0
Let j(l) = l**3 + 14*l**2 + 9*l + 32. Let u be 2/(-5) + (-189)/15. What is the tens digit of j(u)?
8
Suppose 275*w + 5556 = 281*w. What is the tens digit of w?
2
Let x = 40 - 30. Let p(q) = 9*q + 4. What is the tens digit of p(x)?
9
Let l(b) = b**3 - 5*b**2 - 3*b + 3. Let c be l(5). Let x = c - -21. Suppose 27 = w + x*f - 4*f, 0 = 2*w - 2*f - 90. What is the tens digit of w?
4
Suppose -4*h = -o - 8, -4 = 3*o - 2*o - 2*h. Let t = -3 + o. What is the units digit of (-11)/3*t + 2?
3
Let a = 202 + 481. What is the tens digit of a?
8
Let d(s) = -13*s**2 + 6*s**2 + 16 + 22 + s**3 + 6*s**2 - 2*s. What is the tens digit of d(0)?
3
Suppose -5*m + 5838 = n, -2319 = -3*m + m + 5*n. What is the thousands digit of m?
1
Let n = -105 + 106. What is the units digit of ((-57)/133)/(n/(-7)) + 137?
0
Let h = 7 - 11. Let u(y) = y**2 + y - 7. Let p be u(h). What is the units digit of ((-44)/(-5))/(2/p)?
2
Let x(h) = -h - 2 - 9*h + 4*h - 7. Suppose -2*z = 2*z + 28. What is the units digit of x(z)?
3
Let o = -6 - -9. Suppose -158 = -o*s - 0*s + b, 5*s - 258 = -b. What is the tens digit of s?
5
Suppose 0 = 4*v + 4*m - m + 939, -5*v - m - 1160 = 0. Let t = -150 - v. What is the tens digit of t?
8
Let c = 7 + -2. What is the tens digit of (-22)/(-2)*(c - 3)?
2
Let u = -332 + 337. What is the units digit of u?
5
Let g(t) = 59*t**2 + 19*t + 10. What is the hundreds digit of g(-3)?
4
Suppose -15*q + 17*q - 1020 = 0. What is the hundreds digit of q?
5
Suppose 3*t - 632 = -2*f, 0*t = 2*t + 4*f - 408. Let m be t/(-4) - 3/6. Let k = m - -85. What is the units digit of k?
1
Let o(b) = 2*b**2 - b - 2. Let f = 7 - 2. Let a(n) = 3*n - 10. Let i be a(f). What is the tens digit of o(i)?
4
Suppose -12*b + 5266 = -7*b - 4*s, 5*s = -20. What is the units digit of b?
0
Suppose 2*x + 4*h - 12 = 0, -4*x + 29 = 2*h + h. Suppose x*j - 205 = 3*j. What is the units digit of j?
1
Suppose -3*l + 7 = 2*v, -v - 4 = l - 6. Suppose -l*o + 197 = 26. What is the units digit of o?
7
Let s(u) = -1 - 38*u**2 - 38*u + 17 + 23*u**2 - u**3. What is the units digit of s(-13)?
2
Suppose -6*r + 6028 = 5*r. What is the tens digit of r?
4
Let u = -80 - -78. What is the units digit of (u - (-12)/4)*-1 - -128?
7
Let q(a) = -2*a**3 - 20*a**2 - 4*a + 25. What is the units digit of q(-11)?
1
Suppose 2*s + 4 = 0, -3*u - 5*s + 812 = -u. What is the hundreds digit of u?
4
Let n(t) = 2*t**2 - 8*t - 3. Let b be n(6). Suppose -3*a + 2*c = 3*c - 6, 2*c + b = 5*a. Suppose -42 = -3*g + a*s, -g = s - 17 + 3. What is the tens digit of g?
1
Let a(o) = -o**3 - 3*o**2 - 10*o + 52. What is the hundreds digit of a(-12)?
4
Suppose 5*l - 20 = 0, -20 = -y - 5*l + 703. What is the hundreds digit of y?
7
Suppose -7 = 2*w - 167. Let f = w - -3. What is the tens digit of f?
8
Let l be (-16)/(-20) - (-308)/(-10). Let z be ((-1090)/l)/((-2)/(-6)). Let n = 183 - z. What is the tens digit of n?
7
Let i(v) = -v**3 - 19*v**2 - 8*v + 42. Let d = 104 + -123. What is the hundreds digit of i(d)?
1
Let k = 7582 + -5364. What is the hundreds digit of k?
2
Suppose 0*h = -15*h + 9240. What is the tens digit of h?
1
Suppose 0 = 4*x - 2*x. Suppose -4*v + 3*v + 4 = x. Suppose -v*t + 63 + 59 = -3*u, 3*t + u - 98 = 0. What is the tens digit of t?
3
Let t(f) = -f**3 - 15*f**2 + 17*f + 20. Let v be t(-16). Suppose -5*l - 9 = -2*z + 92, -z - v*l = -70. What is the tens digit of z?
5
Let d = 1408 + -489. What is the tens digit of d?
1
Suppose -1570 = -42*f + 37*f. What is the tens digit of f?
1
Suppose 18 - 12 = j. Let c = j + 49. What is the tens digit of c?
5
Let p be 14*(-4 - 7/(-2)). Let z = 2 - 3. What is the units digit of 3 - 0 - (p + z)?
1
Suppose -90 = 2*y + 3*v, -2*v = 3*y + 2*y + 203. Let q = y + 66. What is the tens digit of q?
2
Let m(v) = 8*v**3 + 4*v**2 + 4*v + 2. Let j be m(-2). What is the tens digit of (-2802)/j - (-3)/27?
5
Let n be -2*(2/10 + 30/(-25)). Suppose x = -n*x + 396. What is the tens digit of x?
3
Suppose 4*h = -g + 2*h + 3, 3*g = h + 16. Suppose g*w - 7*s - 516 = -3*s, 2*s - 314 = -3*w. What is the tens digit of w?
0
Suppose 4429 = -10*b + 25339. What is the tens digit of b?
9
Let f(t) = 2*t - 14. Suppose 11*i = 6*i, -5*x + 50 = -5*i. Let y be f(x). What is the units digit of (y/15)/((-2)/(-80))?
6
Let o(d) = d**2 + 8*d + 11. Let j be o(11). What is the tens digit of j + 2 - 1*2/2?
2
Suppose k - 18 = y, 5 = -3*k - 7. Let f(v) = -2*v. What is the tens digit of f(y)?
4
Suppose x + 1378 = 2*r - 2*x, 2764 = 4*r - 4*x. Suppose -r = -6*m - 53. What is the units digit of m?
7
Suppose 0 = -5*p + 11 + 9. Suppose a = p*k - 4 + 65, 8 = 4*k. What is the tens digit of a?
6
Let y(k) = -7*k**3 - k**2 + 2*k + 2. Let n be y(-2). Suppose 0 = -4*z + 3*z + n. Let s = -34 + z. What is the tens digit of s?
1
Let w(v) = v - 21. Suppose 5*u = 3*m - 61, -4*m - 2*u + 23 = 3*u. Let n be w(m). What is the tens digit of (-2 + 6)*n/(-3)?
1
Let a = -28 - -9. Let v be (-3)/9 - a/3. Let c(d) = 5*d - 2. What is the units digit of c(v)?
8
Suppose 8 = 3*z - 4, -3*k - 3*z = 0. What is the units digit of 2648/72 + k/(-18)?
7
Let h be 8*(10/12 - (-2)/(-6)). Suppose 0 = -2*u - h*u + 342. What is the tens digit of u?
5
Suppose -4 = 50*z - 52*z. Let u(o) = 6*o**2 - 11*o + 14. Let l(n) = 2*n**2 - 4*n + 5. Let r(j) = -17*l(j) + 6*u(j). What is the units digit of r(z)?
1
Suppose 0 = -5*d + 2*q - 18, 0*d = -2*d - 2*q + 4. Let c be 1/3*18/d. What is the units digit of -1*(0 - c)*-11?
3
Suppose 0*f + 3*v = -f + 47, 5*f + 2*v = 274. Suppose x + 26 = 4*w - 2*w, -2*x = 5*w - f. Suppose -38 - w = -2*j. What is the tens digit of j?
2
Suppose 0 = -2*f - f. Let m be (8/5)/((-1)/(-5)). Suppose -3*j = f, -2*q = -q + 5*j - m. What is the units digit of q?
8
Let w(f) = 7*f + 441. What is the units digit of w(38)?
7
Let m = -22 + 24. Let i be 6/(-12) - (-265)/m. Suppose 5*u - 33 - i = 0. What is the units digit of u?
3
What is the hundreds digit of (3 + 48)/((-65)/(-20) - 3)?
2
Let l be (18/27)/(2/(-45)*-3). Suppose 0 = -2*v + j + 169, 7*v - 3*v = j + 333. Suppose -l*i + v = 12. What is the tens digit of i?
1
Let r = 695 - -46. What is the tens digit of r?
4
Let d = -45 + 26. Let v = d - -30. What is the tens digit of v?
1
What is the thousands digit of ((-8)/(-14))/(24*(-1)/(-63588))?
1
Suppose -4*k + 91 = -a - 119, -5*a - 202 = -4*k. What is the tens digit of k?
5
Suppose 25*l = 21*l + 492. What is the units digit of (l - -8)/(1/(-1)*-1)?
1
Suppose -100 = -7*r - 415. What is the units digit of (-4100)/(-18) + (-10)/r?
8
What is the units digit of 3470/6 - (-18)/27?
9
What is the tens digit of 76/(-20) - -3 - 25494/(-30)?
4
Suppose -2*v + 4318 = 4*f, -5*v + 3*f + 1052 + 9769 = 0. What is the thousands digit of v?
2
Let p(c) = -10*c**3 - 11*c**2 - 13*c + 13. Let a(s) = 5*s**3 + 6*s**2 + 7*s - 7. Let q(d) = -5*a(d) - 2*p(d). What is the hundreds digit of q(-4)?
2
Suppose 2*y - 5*i - 306 = 0, -4*i + 6*i = 2*y - 294. What is the tens digit of y?
4
What is the tens digit of 18/(-54) + 5776/12?
8
Suppose -3 = -3*h + 9. Let f be 107 + h/(12/(-9)). What is the units digit of f/10 - 6/15?
0
Let z(d) = 15*d**2 + 5*d - 51. What is the hundreds digit of z(13)?
5
Suppose 0*q - 3 = q + 3*a, 6 = 3*q + 4*a. What is the units digit of (q/3 + -3)*-2 - 0?
2
Suppose 0*a = 4*k - a - 425, 208 = 2*k + 4*a. Let b = k - 62. What is the tens digit of b?
4
Su